+ 5*a - 38 = 0. What is the tens digit of v?
4
Suppose 0*o + 76 = -2*o. Let l = 54 + o. What is the tens digit of l?
1
Suppose 2*q - 30 + 186 = 0. What is the tens digit of 1*-2*q/4?
3
Let u(h) be the first derivative of h**4/4 + 3*h**3 - 6*h**2 - 9*h + 12. Suppose -r + 1 = 11. What is the tens digit of u(r)?
1
Suppose g - 2 = -0*g. What is the units digit of ((-2)/(-3))/(g/15)?
5
Suppose -4*q - 30 = -q. Let k = 21 + q. What is the units digit of k?
1
Suppose r = s - 2, -12 = -4*s + s. Let k be 2/(r*1/24). Suppose -4*y + 15 = 4*t - 9, 3*y + k = 3*t. What is the units digit of t?
7
Suppose 5*p + 2 = 6*p. What is the units digit of p?
2
Let i(c) = c**2 + 5*c - 22. Let n = 1 - 10. What is the units digit of i(n)?
4
Let m(p) = -p + 12. What is the tens digit of m(-10)?
2
Suppose m - 2 = -4*r, r = -2*m + 3 + 1. Let g = m - -2. What is the units digit of g?
4
Suppose -2*h - 4 = 4*v, -4*h = -2*v + 21 + 7. What is the tens digit of 29 + (-3 - h - 3)?
2
Let l(w) = -w**2 - 6*w - 3. Let r be l(-4). Let q = 5 - r. Suppose q = -5*v - 5, 5 = 2*x - x - 3*v. What is the units digit of x?
2
What is the units digit of (-24)/(-132) - 546/(-22)?
5
Let a(w) = w**3 + w**2 - w + 1. Let s be a(-2). What is the units digit of (-11 + s)/(-1 - 0)?
2
Let v(g) = g + 6. What is the units digit of v(15)?
1
Suppose -4*u + 3*u + 27 = 0. Suppose o - 5*o + 2*c + 18 = 0, -u = -5*o - 2*c. What is the units digit of o?
5
Let f = -29 - -57. Let u = f - 16. What is the tens digit of u?
1
Suppose 93 = -3*o - 5*y, 3*o - 2*y = 7*o + 124. Let c = o - -49. What is the units digit of c?
8
Let w(m) = m**3 - 27*m**2 + 31*m - 37. What is the units digit of w(26)?
3
Let z = -116 - -199. What is the units digit of z?
3
Let x(n) = 2*n**2 + 3*n + 2. Let m be x(-2). Let k be (-2)/m - (-7)/2. Suppose -2*a - k*a = -5. What is the units digit of a?
1
Suppose 42 = t - 32. What is the tens digit of t?
7
Let d(f) = 9*f - 3. Suppose 4*t = m - 4, -6*m + 3*m + 12 = -2*t. What is the units digit of d(m)?
3
Suppose -3*x = z - 38 - 48, x - z - 22 = 0. What is the tens digit of x?
2
Suppose 1520 = 10*k - 0*k. What is the hundreds digit of k?
1
Suppose 2*i - 39 = -i. What is the units digit of i?
3
Let l = 11 + -6. Suppose -i = 2*j + 1, -l*i + 0*i + 3*j = -8. What is the units digit of i?
1
What is the tens digit of (3 + (1 - 5))*(-363)/3?
2
Let l(a) = -a**3 + 4*a**2 + 4*a + 1. What is the units digit of l(4)?
7
Let t = 54 - -63. What is the units digit of t?
7
Suppose -l + 1174 = 5*v - 489, -2*v + 676 = -5*l. What is the units digit of v?
3
Let l(k) = -k**3 + 0*k - 4*k**2 - 7 + 0*k**3 + 2*k. Let c be l(-5). Suppose c = -0*r + r. What is the units digit of r?
8
Let l be (-6 - -3)/((-6)/8). Suppose -l*h + 3 = -5. What is the units digit of h?
2
Let g(b) = -b**2 + 158. Let t be g(0). What is the tens digit of t/14 + (-2)/7?
1
Suppose 2*n + n - 6 = 0. Let b be 15/3 - n/2. Suppose -b*w = w - 5. What is the units digit of w?
1
Let z = 7 - 5. Suppose -7*g = -z*g - 10. What is the units digit of g?
2
Let h be 3/12 + 55/4. Suppose 3*u + 4*n = 35, 0 = -u - 3*n + 1 + h. Suppose -3*s + u = -2*s. What is the units digit of s?
9
Let n(g) be the second derivative of g**5/20 + g**4/12 - g**3/6 + 5*g**2 - g. Let y be n(0). What is the tens digit of (-4)/y - (-77)/5?
1
Let m(j) be the second derivative of -j**4/12 - j**3/6 + j**2 - j. Let t be m(-3). Let z(f) = -2*f - 2. What is the units digit of z(t)?
6
Suppose 4*f - 3*t - 26 = -5*t, 5*f = -2*t + 31. Suppose 0 = f*r + 5*m - 30, 6*m = 3*m. What is the units digit of (10/(-3))/((-1)/r)?
0
Let h = -9 + 28. Let r = h - 3. What is the tens digit of r?
1
What is the tens digit of (24 - -2) + -1 + 3?
2
Suppose 0 = -z - 31 + 1. Let y = z + 43. Let o = y + -8. What is the units digit of o?
5
What is the units digit of (-1 + 1 + 2 - -108) + 0?
0
Let h = 211 + -140. What is the units digit of h?
1
Let g(y) = 20*y - 3. Let c(w) = -7*w + 1. Let v(u) = 17*c(u) + 6*g(u). What is the units digit of v(8)?
7
Suppose 0 = 3*p + 5*z + 46 - 282, 5*p = z + 440. What is the tens digit of p?
8
Let x be (-54)/(-15) + 2/5. Let h be 1 - 1*2 - -28. Suppose -4*v + 16 = 3*d - 25, d = -x*v + h. What is the units digit of d?
7
What is the tens digit of (47/(-2))/((-10)/20)?
4
Let x(l) = 6*l**2 + l - 1. Let s be x(1). What is the tens digit of (1 + (0 - -4))*s?
3
Let d(c) = -c**2 + 5*c. Let r be d(4). Suppose 0*x + r = x. Suppose 4*p - 6 = -q + 9*p, -x*q + 5 = -p. What is the units digit of q?
1
Let z(y) = 3*y - 7. Let k be 4/(-26) - (-725)/65. Let x = k - 5. What is the units digit of z(x)?
1
Let o(y) = y**3 - 6*y**2 + 3*y - 4. Let h be o(6). Let f be 2/(-7) + 102/h. Let m = -2 + f. What is the units digit of m?
5
Let a(p) = -p**2 + 32*p - 54. What is the units digit of a(22)?
6
Let u = 2 - 4. Let s be u/(-6) + 20/12. Suppose -s*a + 9 + 6 = 3*k, -3 = -3*k. What is the units digit of a?
6
Suppose 7*y + 10*y = 1717. What is the hundreds digit of y?
1
Let s(h) = 3*h**3 - 4*h**2 + 8*h - 13. What is the hundreds digit of s(4)?
1
Let y(i) = 13*i - 12. What is the tens digit of y(5)?
5
Suppose 0 = 7*d - 4*d + 45. Let l = 23 + d. What is the units digit of l?
8
Suppose 5*w + f - 9 = 0, w - 2*f - 4 = -0*w. Suppose w*i - 11 + 1 = 0. Suppose -i*h + h + 36 = 0. What is the units digit of h?
9
Let f(n) = n**3 - 8*n**2 + n - 3. Let p be ((-18)/(-15))/((-6)/(-20)). Let a = p + 4. What is the units digit of f(a)?
5
Suppose 72 = -4*l - 2*g, -7 = 3*l - 5*g + 21. Let k = -6 - l. What is the units digit of (-126)/(-15) + (-4)/k?
8
What is the units digit of (-2*(-5)/(-4))/((-81)/11826)?
5
What is the units digit of 326/8 - 1/(-4)?
1
Let n(r) = -13*r**3 + r**2 + r + 1. What is the units digit of n(-1)?
4
Let p = 4 - -1. Let u = -8 + p. Let i = u + 5. What is the units digit of i?
2
Suppose -4*k + k + 186 = 0. What is the units digit of k?
2
Suppose 3*b = -4*u + 28, 0*u + 56 = 4*b - 4*u. Suppose -b = -5*h + 8. What is the units digit of (-230)/(-18) - h/(-18)?
3
Suppose 0 = 2*n - 4*n - 22. Suppose 5*k + 30 = -0*k. Let v = k - n. What is the units digit of v?
5
Let o = 8 - -36. What is the units digit of o?
4
Let v be 102/4 + (-1)/2. Let m = -16 + v. What is the units digit of m?
9
Let l(p) = -p - 2. Let o be l(-5). Suppose o*f + 4 = 5*f. Suppose f = 2*c - 2*q, -q = -0*q - 4. What is the units digit of c?
5
Let m(l) = l**2 - 5*l - 7. Let z be m(7). What is the tens digit of 72/7 - 2/z?
1
Let u(h) = -h**2 - 10*h. What is the units digit of u(-9)?
9
Let z = 3 + -1. Let l = 1 - 0. Suppose l = r - 5*m, -3*m - z = -4*m. What is the units digit of r?
1
Let l(w) = 8*w**2 + 6*w - 8. What is the units digit of l(2)?
6
Let s(u) = 59*u**2 - u - 3. What is the units digit of s(2)?
1
Let q(i) = -i**2 + i - 1. Let p(d) = 3*d**2 - 5*d - 2. Let w(b) = p(b) + 2*q(b). What is the units digit of w(5)?
6
Suppose -4*w + 3*u - 8 = -1, u - 7 = -w. Suppose 5*s - 128 + 34 = w*p, -44 = -2*s + 4*p. What is the tens digit of (-4)/(-18) + 176/s?
1
Let h(v) = 21 - 40*v + 78*v - 40*v. What is the units digit of h(7)?
7
Let x(m) = m**2 + 3*m + 3. What is the units digit of x(-3)?
3
Suppose -3*h + 21 = 2*y, 3*y - 6 = y. Suppose -3*d + h + 4 = 0. Suppose u + 2*u = d. What is the units digit of u?
1
Let i = 3 + -1. Let v = i + 0. Suppose -2*u + 12 = v*u. What is the units digit of u?
3
What is the units digit of -2*(-4)/(-8)*-34?
4
Let d be 3/1 - 0/2. Let i be d - (2 - 2 - -1). What is the units digit of (-3)/(-1) + 6*i?
5
Let x(s) = -s**2 + 8*s - 6. Let k be x(7). Let i = 4 - k. What is the units digit of i?
3
Suppose x - 4 = -1. Suppose -5*d + x = -22. What is the units digit of d?
5
Let c be (2 + -1)/(4/24). Suppose -3*x + 25 = g, -x = -c*x - 10. What is the tens digit of g?
3
Let i(b) = -2*b**3 + b**2 - 1. What is the tens digit of i(-2)?
1
Let i = 101 + -29. What is the tens digit of i?
7
Suppose 0 = -4*f + 2*f + 6. What is the units digit of f?
3
Let n = -6 - -10. Suppose -3*k - 2 - 1 = 0. What is the units digit of (-5)/5*(k - n)?
5
Let t(c) = -4*c + 10. What is the units digit of t(-14)?
6
What is the units digit of (-5)/(4 + 159/(-39))?
5
Suppose o = -3*o + 120. What is the units digit of o?
0
Let p(r) = r**2 + 1. Let l be p(0). Suppose -l = -2*y - 11, -2*v + 40 = -4*y. What is the units digit of v?
0
Let u = -6 - -12. Suppose b - u = -2. What is the